 divided by 4?
1
Suppose 2*j + j = 15. Suppose 0 = -7*b + 75 - j. Calculate the remainder when 29 is divided by b.
9
Calculate the remainder when 65 is divided by (10/(-4))/((-50)/20)*7.
2
Let h = 7 - 6. Let x = h - -3. Suppose 0 = 2*a - x*a - 5*d + 98, -2*a + 106 = d. Calculate the remainder when a is divided by 14.
12
Let j = 0 + 0. Suppose 2*h = 2*z + 3*h + 411, j = 4*h - 12. What is the remainder when 13 is divided by 4/10 + z/(-45)?
3
Let i = -81 + 86. Suppose -2*q = -5*q - h + 28, -i*h = -2*q - 4. What is the remainder when 29 is divided by q?
5
Calculate the remainder when 35 is divided by 1/(-6*(-5)/630).
14
Let b be 4*((-108)/(-16))/9. Suppose 108 = b*m + m. Calculate the remainder when m is divided by 7.
6
Suppose -6*a + 109 = -1643. Calculate the remainder when a is divided by 59.
56
Suppose 0 = b + 5 - 4. Let m(i) = -17*i**3 - i**2 - 2*i - 1. What is the remainder when (-2658)/(-54) + (-10)/45 is divided by m(b)?
15
Let x(t) = -11 - 47*t + 16*t + 21 - 8. What is the remainder when x(-2) is divided by 11?
9
Suppose 0 = 4*q + 3*c + 65, q - c + 17 = -2*c. Let r = q - -21. Calculate the remainder when 23 is divided by r - -2*(0 - -1).
5
Suppose -5*g = 2*y + 4, 4 = -7*g + 5*g. Let f = -61 + 37. What is the remainder when 2*y/(-6)*f is divided by 14?
10
What is the remainder when 456 is divided by 5/15 + 152/3?
48
Suppose n - 15 = -4*n. Calculate the remainder when n + (63/5 - 2/(-5)) is divided by 9.
7
Let v be (-10)/15 + 2/(-6). Calculate the remainder when ((-14)/(-28))/(v/(-74)) is divided by 13.
11
Suppose -3 = -m - 1, -16 = -2*l - 3*m. Suppose 12 = -3*z, 4*o + 2*z = 2*o. Suppose o*a = l*a - 5. Calculate the remainder when a is divided by 4.
1
Suppose 11*j = 8*j - n + 59, 1 = -n. What is the remainder when 31 is divided by j?
11
Let h = -17 + -7. Let p = -7 - h. Calculate the remainder when 117 is divided by p.
15
Let s = 115 - 82. Suppose -3023*h = -3029*h + 978. What is the remainder when h is divided by s?
31
Let j = 2 - -170. Calculate the remainder when j is divided by 44.
40
Let j(o) = o**3 + 15*o**2 - 6*o + 1. Let d(w) = -w**3 - 16*w**2 + 6*w - 1. Let a(h) = 2*d(h) + 3*j(h). What is the remainder when a(-13) is divided by 9?
7
Let t be 1 - -10 - (0 + 0). Suppose 2*v = v + t. Let w = v + -9. What is the remainder when 7 is divided by w?
1
Suppose 3*g = -5*p + 95, 0*p - g + 19 = p. Let t = -15 + p. Suppose 4*z - 29 = -v, 3*v = t*z - 0*v - 41. What is the remainder when 22 is divided by z?
6
Let k(n) = 703*n**3 - 6*n**2 + 4*n - 1. What is the remainder when k(1) is divided by 27?
25
Let z be (-8)/3*(-36)/(-16). Let c = -3 + z. Let k(u) = -u**3 - 9*u**2 + 7. Calculate the remainder when k(c) is divided by 5.
2
Let k(j) = -24*j**2 - 38*j. Suppose 3*z - 75 = -i, -8 + 361 = 5*i + 4*z. Calculate the remainder when i is divided by k(-1).
13
Suppose -4*d + 3*d + 3*u = -5, -5*u + 20 = 0. Calculate the remainder when (-1 + -95)*2/(-4) is divided by d.
14
Suppose 5*o - 5*l = 20, 20 = 2*o + 3*o - 2*l. Suppose 0 = o*f - 5*r - 41, 3*f - 4*f = 3*r - 23. What is the remainder when 35/f*(8 + 0) is divided by 7?
6
Let q(g) = -g**3 - 32*g**2 - 4*g - 76. Calculate the remainder when q(-32) is divided by 15.
7
Suppose 0 = 2*c - 2*m + 50 - 72, 4 = -4*m. Suppose -w = -4*w + 6. Calculate the remainder when w + -2 + -1 + 38 is divided by c.
7
Let r(d) = 5*d**2 - 9*d - 11. Let b(z) = 2*z**2 + 13*z - 2. Calculate the remainder when r(7) is divided by b(-9).
42
Let k(u) = u**2 - 2*u - 7. Let h be k(3). What is the remainder when 84 is divided by h/8*(-57 - 1)?
26
Let t(p) = -44*p**3 - 2*p**2 - 6*p - 4. Calculate the remainder when 67 is divided by t(-1).
23
Suppose 10*h = -16*h + 806. Calculate the remainder when h is divided by 14.
3
Let s be 201/4*168/63. What is the remainder when s/(-8)*(0 + -4 - 0) is divided by 14?
11
Let n(y) = -2*y. Let h be (-2)/((7/3)/7). What is the remainder when (-2)/(-9) + 410/18 is divided by n(h)?
11
Let p(f) = -4*f + 158. Calculate the remainder when 33 is divided by p(35).
15
Let o = 470 + -417. Calculate the remainder when 210 is divided by o.
51
Let g = 32 - 34. Let v = -98 + g. Calculate the remainder when (5 + -8)*v/3 is divided by 34.
32
Suppose 0 = 4*d, 0 = 3*o - 0*d - 2*d - 45. Let j = -4 + o. Calculate the remainder when 27 is divided by (6 + -3 - 0) + j.
13
Suppose -d - 4*x = -0*d + 1, d - 5*x - 8 = 0. Suppose 3*c = -d*q + 5*q - 100, 4*q + c = 186. What is the remainder when q is divided by 12?
11
What is the remainder when 502 is divided by 142/781 - 2*230/(-11)?
40
Suppose -w = 5*y - 0*w - 3, 12 = -3*y + 4*w. Suppose y = -4*m - m + 50. Calculate the remainder when 39 is divided by m.
9
Let u(w) = -48*w - 249. What is the remainder when u(-8) is divided by 34?
33
Suppose 7 = -2*p + p. Let w = p + 7. Suppose -o + 2*t - 3 = -w, 5*t = 2*o + 9. What is the remainder when 9 is divided by o?
0
Suppose -80 = -5*u + u. Let d(r) = -r**2 + r + 3. Let m be d(0). Suppose -m*o = -0*o - 237. Calculate the remainder when o is divided by u.
19
Suppose -2*r = d - 106, 0 = -13*d + 12*d - 5*r + 91. What is the remainder when d is divided by 51?
14
Let h = -19 + 13. What is the remainder when h/2*2/(-6) is divided by ((-90)/(-63))/10*7?
0
Let y be (-3)/(-6)*(-776)/(4/1). Let d = y - -102. Calculate the remainder when 9 is divided by d.
4
Suppose -3*l - 2*j + 9 + 6 = 0, -l = -3*j + 6. Calculate the remainder when 28 is divided by l.
1
Suppose z = -0*z + 55. Let g = 93 - 74. What is the remainder when (2/(-2) - z)*-1 is divided by g?
18
Suppose -1 + 0 = -3*n + q, 5*n - 4*q = -10. Suppose 2*u + 3*f - 55 = 0, 3*u - 55 = -n*f + 30. Calculate the remainder when 84 is divided by u.
26
Let q = -60 + 77. What is the remainder when 97 is divided by q?
12
Let t be 3*51/36 - 6/24. What is the remainder when 33 is divided by (-1 - -11) + (1 - t)?
5
Let o(t) = t**3 + 20*t**2 + 12*t - 36. Let f(b) = -7*b**2 + 3*b + 3. Let s be f(2). What is the remainder when o(s) is divided by 7?
6
Let x = -1274 + 1284. Calculate the remainder when (2 - -85)*1/3 is divided by x.
9
Suppose 3*z - 2*b + 4 = 29, -5*z + b + 44 = 0. What is the remainder when (18/45)/((-4)/(-530)) is divided by z?
8
Let i = 953 - -4051. Calculate the remainder when i is divided by 143.
142
Let v(s) = -73*s - 39. Calculate the remainder when v(-1) is divided by 12.
10
Suppose 39 + 21 = 4*r. What is the remainder when r is divided by 2?
1
Let m = 60 - -58. Calculate the remainder when m is divided by (-23 - 2)*(-80)/100.
18
Let t(f) = 3*f**2 - 12*f + 14. Let c be t(8). Suppose c - 32 = 3*i. Calculate the remainder when i is divided by 1/((-14)/15 - -1).
11
Let p(m) = m**3 - 10*m**2 - m + 12. Let o be p(10). Let n = 16 + o. Calculate the remainder when n is divided by 5.
3
Let g = -32 - -39. Let b(z) = z**2 - 2*z - 2. Let k be b(4). Suppose k*r - 44 = 2*r. What is the remainder when r is divided by g?
4
Let f = 303 + -298. What is the remainder when f is divided by 2?
1
Let b(l) = 3*l**3 - 5*l**2 - 30*l + 166. Calculate the remainder when b(7) is divided by 7.
5
Suppose f = -7*f + 224. Calculate the remainder when f is divided by 24/5*20/6.
12
Suppose 4*n - 70 = -n. Let r be 387*1 - (-2 - -1). What is the remainder when r/n - (-4)/14 is divided by 15?
13
Let a be (6/4)/(6 + 70/(-12)). Suppose 595 = a*h - 197. Calculate the remainder when h is divided by 23.
19
Calculate the remainder when 620 is divided by -45 + 44 + 29 + -1.
26
Suppose 2*x - 2*s = -s + 1701, -4*x = 5*s - 3381. Let a = -581 + x. Let m = -177 + a. Calculate the remainder when m is divided by 23.
22
Let q = 10 + -16. Let c(l) = l**2 + 3*l + 5. Let h(b) = -b**2 - 5*b - 5. Let n(v) = 3*c(v) + 2*h(v). What is the remainder when n(q) is divided by 12?
11
Let g(x) = 6*x**2 + 8*x + 36. What is the remainder when 326 is divided by g(-3)?
62
Let n(a) = 2*a**2 + 5*a - 13. Suppose 5*t - 15 = 0, 8*d - 369 = 5*d - 5*t. What is the remainder when d is divided by n(3)?
18
Let q(p) = -94*p - 71. Calculate the remainder when q(-4) is divided by 34.
33
What is the remainder when (-346)/(-6) + (-124)/186 is divided by 22 - 3/((-6)/(-4))?
17
Let y(k) = 29*k - 25. Calculate the remainder when y(8) is divided by 21.
18
Suppose 4*w - w - 466 = 5*z, 4*z = w - 146. Suppose 5*g + 45 = 6*g + 2*t, 5*t = -5*g + 215. What is the remainder when w